{"id":25,"date":"2015-11-24T21:57:37","date_gmt":"2015-11-24T20:57:37","guid":{"rendered":"http:\/\/recherchesdanse.imaginaflamenco.com\/?page_id=25"},"modified":"2015-12-08T22:47:36","modified_gmt":"2015-12-08T21:47:36","slug":"declaration-of-principles","status":"publish","type":"page","link":"https:\/\/recherchesdanse.imaginaflamenco.com\/","title":{"rendered":"Declaration of Principles"},"content":{"rendered":"<h4>La recherche en danse, comme toute autre type de recherche, se doit de se d\u00e9velopper en toute objectivit\u00e9, bien loin de toutes pr\u00e9occupations instituionnelles ou mondaines, et ce afin de penser en toute ind\u00e9pendance.<\/p>\n<p>Le risque dans toute investigation scientifique est de remettre en question ce qui est en place.<br \/>\nIl ne s\u2019agit pas de rendre hommage, mais bien de se situer dans un champs et de construire une \u00e9pist\u00e9mologie solide, r\u00e9futable et, \u00e9ventuellement, d\u2019\u00eatre contraint de faire table rase.<\/h4>\n<div id=\"attachment_28\" style=\"width: 528px\" class=\"wp-caption alignnone\"><img loading=\"lazy\" decoding=\"async\" aria-describedby=\"caption-attachment-28\" src=\"http:\/\/recherchesdanse.imaginaflamenco.com\/wp-content\/uploads\/2015\/11\/Les-Piliers-de-la-cr\u00e9ation.jpg\" alt=\"Les Piliers de la Cr\u00e9ation\" width=\"518\" height=\"540\" class=\"size-full wp-image-28\" srcset=\"https:\/\/recherchesdanse.imaginaflamenco.com\/wp-content\/uploads\/2015\/11\/Les-Piliers-de-la-cr\u00e9ation.jpg 518w, https:\/\/recherchesdanse.imaginaflamenco.com\/wp-content\/uploads\/2015\/11\/Les-Piliers-de-la-cr\u00e9ation-288x300.jpg 288w\" sizes=\"auto, (max-width: 518px) 100vw, 518px\" \/><p id=\"caption-attachment-28\" class=\"wp-caption-text\">Les Piliers de la Cr\u00e9ation<\/p><\/div>\n<p>\u00a9NASA<\/p>\n","protected":false},"excerpt":{"rendered":"<p>La recherche en danse, comme toute autre type de recherche, se doit de se d\u00e9velopper en toute objectivit\u00e9, bien loin de toutes pr\u00e9occupations instituionnelles ou mondaines, et ce afin de penser en toute ind\u00e9pendance. Le risque dans toute investigation scientifique &hellip; <a href=\"https:\/\/recherchesdanse.imaginaflamenco.com\/\">Continue la lecture <span class=\"meta-nav\">&rarr;<\/span><\/a><\/p>\n","protected":false},"author":1,"featured_media":0,"parent":0,"menu_order":0,"comment_status":"closed","ping_status":"closed","template":"","meta":{"footnotes":""},"class_list":["post-25","page","type-page","status-publish","hentry"],"aioseo_notices":[],"_links":{"self":[{"href":"https:\/\/recherchesdanse.imaginaflamenco.com\/index.php\/wp-json\/wp\/v2\/pages\/25","targetHints":{"allow":["GET"]}}],"collection":[{"href":"https:\/\/recherchesdanse.imaginaflamenco.com\/index.php\/wp-json\/wp\/v2\/pages"}],"about":[{"href":"https:\/\/recherchesdanse.imaginaflamenco.com\/index.php\/wp-json\/wp\/v2\/types\/page"}],"author":[{"embeddable":true,"href":"https:\/\/recherchesdanse.imaginaflamenco.com\/index.php\/wp-json\/wp\/v2\/users\/1"}],"replies":[{"embeddable":true,"href":"https:\/\/recherchesdanse.imaginaflamenco.com\/index.php\/wp-json\/wp\/v2\/comments?post=25"}],"version-history":[{"count":0,"href":"https:\/\/recherchesdanse.imaginaflamenco.com\/index.php\/wp-json\/wp\/v2\/pages\/25\/revisions"}],"wp:attachment":[{"href":"https:\/\/recherchesdanse.imaginaflamenco.com\/index.php\/wp-json\/wp\/v2\/media?parent=25"}],"curies":[{"name":"wp","href":"https:\/\/api.w.org\/{rel}","templated":true}]}}